{"id":58,"date":"2018-04-18T08:20:26","date_gmt":"2018-04-18T08:20:26","guid":{"rendered":"https:\/\/2code.info\/demo\/themes\/Discy\/Main\/?page_id=58"},"modified":"2022-05-20T16:03:30","modified_gmt":"2022-05-20T09:03:30","slug":"about-us","status":"publish","type":"page","link":"https:\/\/dragonballwiki.net\/forum\/about-us\/","title":{"rendered":"Gi\u1edbi thi\u1ec7u"},"content":{"rendered":"<h4 style=\"text-align: center;\">DRAGON BALL FORUM<br \/>\nDi\u1ec5n \u0111\u00e0n 7 Vi\u00ean Ng\u1ecdc R\u1ed3ng Vi\u1ec7t Nam.<\/h4>\n<p><img loading=\"lazy\" decoding=\"async\" class=\"size-full wp-image-192 aligncenter\" src=\"https:\/\/dragonballwiki.net\/forum\/wp-content\/uploads\/2022\/05\/fb-forum-logo-2x.png\" loading=\"lazy\" alt=\"\" width=\"247\" height=\"90\" \/><\/p>\n<p>C\u00e1ch \u0111\u00e2y kho\u1ea3ng 10-15 n\u0103m, c\u00e1c di\u1ec5n \u0111\u00e0n l\u00e0 s\u00e2n ch\u01a1i ph\u1ed5 bi\u1ebfn c\u1ee7a c\u1ed9ng \u0111\u1ed3ng m\u1ea1ng c\u0169ng nh\u01b0 c\u00e1c h\u1ed9i nh\u00f3m c\u00f3 c\u00f9ng \u0111am m\u00ea. T\u1eeb l\u00fac Facebook b\u00e0nh tr\u01b0\u1edbng t\u1ea1i th\u1ebf gi\u1edbi c\u0169ng nh\u01b0 Vi\u1ec7t Nam, c\u00e1c di\u1ec5n \u0111\u00e0n d\u1ea7n d\u1ea7n thu h\u1eb9p l\u1ea1i c\u0169ng nh\u01b0 bi\u1ebfn m\u1ea5t, ch\u1ec9 c\u00f2n nh\u1eefng c\u1ed9ng \u0111\u1ed3ng r\u1ea5t l\u1edbn c\u00f3 b\u1ea3n s\u1eafc ri\u00eang v\u1eabn c\u00f2n ho\u1ea1t \u0111\u1ed9ng nh\u01b0 <em>Voz, Tinhte, otofun&#8230;<\/em><\/p>\n<p>&#8220;H\u1ec7 sinh th\u00e1i&#8221; Dragon Ball Wiki ra \u0111\u1eddi t\u1eeb n\u0103m 2019 \u0111\u1ebfn nay \u0111\u00e3 g\u1ea7n 3 n\u0103m v\u1edbi s\u1ef1 th\u00e0nh c\u00f4ng c\u1ee7a <a href=\"https:\/\/dragonballwiki.net\/\">Wiki ki\u1ebfn th\u1ee9c<\/a>, <a href=\"https:\/\/dragonballwiki.net\/doctruyen\">Wiki truy\u1ec7n<\/a>, <a href=\"https:\/\/dragonballwiki.net\/xemphim\">Wiki Phim<\/a>, <a href=\"https:\/\/dragonballwiki.net\/nghenhac\">Wiki Nh\u1ea1c<\/a>. S\u1ef1 ra \u0111\u1eddi c\u1ee7a <strong>&#8220;Wiki di\u1ec5n \u0111\u00e0n&#8221;<\/strong> gi\u00fap Fans c\u00f3 th\u00eam m\u1ed9t s\u00e2n ch\u01a1i v\u00e0 l\u00e0m gi\u00e0u th\u00eam v\u0103n h\u00f3a c\u1ed9ng \u0111\u1ed3ng, t\u1eeb \u0111\u00f3 c\u00f3 b\u1ea3n s\u1eafc ri\u00eang v\u00e0 kh\u00f4ng b\u1ecb \u1ea3nh h\u01b0\u1edfng v\u1edbi c\u00e1c m\u1ea1ng x\u00e3 h\u1ed9i kh\u00e1c.<\/p>\n<h4 style=\"text-align: center;\">Di\u1ec5n \u0111\u00e0n c\u00f3 g\u00ec hay so v\u1edbi nh\u00f3m Facebook?<\/h4>\n<p>N\u00f3i th\u1eadt l\u00e0 kh\u00f4ng th\u1ec3 so \u0111\u01b0\u1ee3c v\u00ec Facebook c\u00f3 t\u00ednh t\u01b0\u01a1ng t\u00e1c qu\u00e1 l\u1edbn, tuy nhi\u00ean v\u1eabn c\u00f3 nh\u1eefng \u0111\u1eb7c \u0111i\u1ec3m sau t\u1ed1t h\u01a1n:<\/p>\n<ol>\n<li>D\u1eef li\u1ec7u t\u1eadp trung, chia th\u00e0nh nhi\u1ec1u chuy\u00ean m\u1ee5c (category) c\u00f3 th\u1ec3 d\u1ec5 d\u00e0ng t\u00ecm ki\u1ebfm khi c\u1ea7n. Trong khi \u0111\u00f3 vi\u1ec7c t\u00ecm 1 b\u00e0i vi\u1ebft \u0111\u00e3 l\u00e2u tr\u00ean facebook l\u00e0 m\u1ed9t c\u1ef1c h\u00ecnh<\/li>\n<li>Th\u00e0nh vi\u00ean c\u00f3 trang c\u00e1 nh\u00e2n qu\u1ea3n l\u00fd c\u00e1c b\u00e0i \u0111\u00e3 vi\u1ebft, c\u00e1c b\u00e0i \u0111\u00e3 comment &gt; Facebook kh\u00f4ng c\u00f3. Fb ch\u1ec9 c\u00f3 c\u00f4ng c\u1ee5 cho qu\u1ea3n tr\u1ecb vi\u00ean<\/li>\n<li>C\u00f3 th\u1ec3 tr\u00ecnh b\u00e0y b\u00e0i vi\u1ebft \u0111a d\u1ea1ng, \u0111\u1eb9p m\u1eaft, c\u00f3 r\u1ea5t nhi\u1ec1u c\u00f4ng c\u1ee5 so\u1ea1n th\u1ea3o \u0111\u1ec3 b\u1ea1n l\u00e0m \u0111i\u1ec1u n\u00e0y. V\u1edbi c\u00e1c b\u00e0i vi\u1ebft d\u00e0i, vi\u1ec7c tr\u00ecnh b\u00e0y khoa h\u1ecdc, d\u1ec5 \u0111\u1ecdc d\u1ec5 nh\u00ecn l\u00e0 c\u1ef1c k\u00ec quan tr\u1ecdng. Facebook hi\u1ec7n h\u1ed7 tr\u1ee3 r\u1ea5t h\u1ea1n ch\u1ebf vi\u1ec7c n\u00e0y.<\/li>\n<li>Kh\u00f4ng gian c\u1ee7a ri\u00eang Dragon Ball Fans. N\u00f3i g\u00ec th\u00ec n\u00f3i, m\u1ed9t trang di\u1ec5n \u0111\u00e0n ri\u00eang ch\u1ec9 cho c\u1ed9ng \u0111\u1ed3ng Bi r\u1ed3ng v\u1eabn h\u01a1n l\u00e0 &#8220;\u1edf nh\u00e0&#8221; ch\u1ed7 c\u1ee7a Facebook<\/li>\n<\/ol>\n<p>C\u00e1c b\u00e0i vi\u1ebft ti\u1ebfp theo n\u00ean \u0111\u1ecdc<\/p>\n<ul id=\"menu-quy-dinh\" class=\"menu\">\n<li id=\"menu-item-253\" class=\"menu-item menu-item-type-post_type menu-item-object-page menu-item-253\"><a class=\"\" href=\"https:\/\/dragonballwiki.net\/forum\/terms-of-use\/\">Quy \u0111\u1ecbnh di\u1ec5n \u0111\u00e0n<\/a><\/li>\n<li id=\"menu-item-256\" class=\"menu-item menu-item-type-post_type menu-item-object-page menu-item-256\"><a class=\"\" href=\"https:\/\/dragonballwiki.net\/forum\/faqs\/\">C\u00e2u h\u1ecfi th\u01b0\u1eddng g\u1eb7p<\/a><\/li>\n<li id=\"menu-item-255\" class=\"menu-item menu-item-type-post_type menu-item-object-page menu-item-255\"><a class=\"\" href=\"https:\/\/dragonballwiki.net\/forum\/blog-list\/\">H\u01b0\u1edbng d\u1eabn<\/a><\/li>\n<\/ul>\n<p>&nbsp;<\/p>\n","protected":false},"excerpt":{"rendered":"<p>DRAGON BALL FORUM Di\u1ec5n \u0111\u00e0n 7 Vi\u00ean Ng\u1ecdc R\u1ed3ng Vi\u1ec7t Nam. C\u00e1ch \u0111\u00e2y kho\u1ea3ng 10-15 n\u0103m, c\u00e1c di\u1ec5n \u0111\u00e0n l\u00e0 s\u00e2n ch\u01a1i ph\u1ed5 bi\u1ebfn c\u1ee7a&#8230;<\/p>\n","protected":false},"author":1,"featured_media":0,"parent":0,"menu_order":0,"comment_status":"closed","ping_status":"closed","template":"","meta":{"footnotes":""},"class_list":["post-58","page","type-page","status-publish","hentry"],"_links":{"self":[{"href":"https:\/\/dragonballwiki.net\/forum\/wp-json\/wp\/v2\/pages\/58","targetHints":{"allow":["GET"]}}],"collection":[{"href":"https:\/\/dragonballwiki.net\/forum\/wp-json\/wp\/v2\/pages"}],"about":[{"href":"https:\/\/dragonballwiki.net\/forum\/wp-json\/wp\/v2\/types\/page"}],"author":[{"embeddable":true,"href":"https:\/\/dragonballwiki.net\/forum\/wp-json\/wp\/v2\/users\/1"}],"replies":[{"embeddable":true,"href":"https:\/\/dragonballwiki.net\/forum\/wp-json\/wp\/v2\/comments?post=58"}],"version-history":[{"count":3,"href":"https:\/\/dragonballwiki.net\/forum\/wp-json\/wp\/v2\/pages\/58\/revisions"}],"predecessor-version":[{"id":310,"href":"https:\/\/dragonballwiki.net\/forum\/wp-json\/wp\/v2\/pages\/58\/revisions\/310"}],"wp:attachment":[{"href":"https:\/\/dragonballwiki.net\/forum\/wp-json\/wp\/v2\/media?parent=58"}],"curies":[{"name":"wp","href":"https:\/\/api.w.org\/{rel}","templated":true}]}}