{"id":246,"date":"2022-05-19T14:16:19","date_gmt":"2022-05-19T07:16:19","guid":{"rendered":"https:\/\/dragonballwiki.net\/forum\/?page_id=246"},"modified":"2022-05-19T23:17:04","modified_gmt":"2022-05-19T16:17:04","slug":"terms-of-use","status":"publish","type":"page","link":"https:\/\/dragonballwiki.net\/forum\/terms-of-use\/","title":{"rendered":"Quy \u0111\u1ecbnh tham gia di\u1ec5n \u0111\u00e0n"},"content":{"rendered":"<p><span class=\"xf-body-paragraph\"><b>N\u1ed9i Quy\u00a0Di\u1ec5n \u0110\u00e0n\u00a0(\u0110i\u1ec1u Kho\u1ea3n S\u1eed D\u1ee5ng)<\/b><br \/>\n<i>B\u1ea1n ph\u1ea3i \u0111\u1ed3ng \u00fd to\u00e0n b\u1ed9\u00a0n\u1ed9i qui\u00a0(c\u00e1c \u0111i\u1ec1u kho\u1ea3n) n\u00e0y tr\u01b0\u1edbc khi \u0111\u0103ng k\u00fd tr\u1edf th\u00e0nh Th\u00e0nh vi\u00ean c\u1ee7a\u00a0Di\u1ec5n \u0111\u00e0n Dragon Ball Vi\u1ec7t Nam.<\/i><\/p>\n<p><\/span><\/p>\n<h2 id=\"menuid0\" class=\"TinhteMods_HeadingTag TinhteMods_HeadingTagH2\"><b>TI\u00caU CH\u00cd, QUY\u1ec0N C\u1ee6A DI\u1ec4N \u0110\u00c0N &amp; TR\u00c1CH NHI\u1ec6M C\u1ee6A TH\u00c0NH VI\u00caN C\u1ee6A DI\u1ec4N \u0110\u00c0N DRAGON BALL FORUM VI\u1ec6T NAM:<\/b><\/h2>\n<p>&nbsp;<\/p>\n<ul>\n<li>Di\u1ec5n \u0111\u00e0n <span class=\"xf-body-paragraph\"><i>Dragon Ball Vi\u1ec7t Nam<\/i><\/span> l\u00e0 s\u00e2n ch\u01a1i chung cho m\u1ecdi ng\u01b0\u1eddi v\u1ec1 b\u1ed9 truy\u1ec7n 7 vi\u00ean Ng\u1ecdc r\u1ed3ng.<\/li>\n<li>B\u1ea3n n\u1ed9i quy n\u00e0y \u0111\u01b0\u1ee3c th\u00f4ng b\u00e1o c\u00f4ng khai \u0111\u1ebfn m\u1ecdi ng\u01b0\u1eddi v\u00e0 l\u00e0 c\u0103n c\u1ee9 \u0111\u1ec3 x\u1eed l\u00fd v\u00e0 gi\u1ea3i quy\u1ebft th\u1eafc m\u1eafc c\u1ee7a th\u00e0nh vi\u00ean.<\/li>\n<li>B\u00e0i vi\u1ebft vi ph\u1ea1m c\u00f3 th\u1ec3 \u0111\u01b0\u1ee3c ch\u1ec9nh s\u1eeda, x\u00f3a, v\u00e0 th\u00e0nh vi\u00ean s\u1ebd b\u1ecb x\u1eed l\u00fd\u2026 m\u00e0 kh\u00f4ng c\u1ea7n th\u00f4ng b\u00e1o tr\u01b0\u1edbc.<\/li>\n<li>Ban Qu\u1ea3n Tr\u1ecb c\u00f3 quy\u1ec1n s\u1eed d\u1ee5ng b\u00e0i vi\u1ebft c\u1ee7a th\u00e0nh vi\u00ean trong ph\u1ea1m v\u1ecb website DragonBallwiki.net\/forum v\u00e0 tr\u00ean c\u00e1c khu v\u1ef1c kh\u00e1c nh\u01b0 trang ch\u1ee7, Blog, \u1ee9ng d\u1ee5ng \u0111\u1ec3 gi\u00fap cho m\u1ecdi ng\u01b0\u1eddi c\u00f3 th\u1ec3 d\u1ec5 t\u00ecm, d\u1ec5 \u0111\u1ecdc h\u01a1n. T\u00e1c gi\u1ea3 b\u00e0i vi\u1ebft s\u1ebd \u0111\u01b0\u1ee3c n\u00eau r\u00f5 ho\u1eb7c trong n\u1ed9i dung c\u00f3 d\u1eabn link \u0111\u1ebfn b\u00e0i vi\u1ebft g\u1ed1c.<\/li>\n<li>M\u1ecdi ng\u01b0\u1eddi khi tham gia di\u1ec5n \u0111\u00e0n \u0111\u1ec1u ph\u1ea3i tu\u00e2n th\u1ee7 b\u1ea3n n\u1ed9i quy n\u00e0y.<\/li>\n<li>N\u1ed9i dung c\u1ee7a n\u1ed9i quy c\u00f3 th\u1ec3 thay \u0111\u1ed5i b\u1ea5t c\u1ee9 l\u00fac n\u00e0o m\u00e0 kh\u00f4ng c\u1ea7n b\u00e1o tr\u01b0\u1edbc.<\/li>\n<li>Th\u00e0nh vi\u00ean ph\u1ea3i ch\u1ecbu tr\u00e1nh nhi\u1ec7m v\u1ec1 n\u1ed9i dung b\u00e0i vi\u1ebft c\u1ee7a m\u00ecnh. <span class=\"xf-body-paragraph\">Dragon Ball Forum<\/span> s\u1ebd cung c\u1ea5p nh\u1eefng th\u00f4ng tin c\u1ea7n thi\u1ebft cho c\u01a1 quan ch\u1ee9c n\u0103ng khi \u0111\u01b0\u1ee3c y\u00eau c\u1ea7u.<\/li>\n<li><span class=\"xf-body-paragraph\">Dragon Ball Forum<\/span> kh\u00f4ng ch\u1ecbu tr\u00e1ch nhi\u1ec7m v\u1ec1 b\u1ea5t c\u1ee9 thi\u1ec7t h\u1ea1i g\u00e2y ra tr\u1ef1c ti\u1ebfp hay gi\u00e1n ti\u1ebfp t\u1eeb c\u00e1c b\u00e0i vi\u1ebft, n\u1ed9i dung tr\u00ean Di\u1ec5n \u0111\u00e0n.<\/li>\n<li><span class=\"xf-body-paragraph\">Dragon Ball Forum<\/span> ng\u0103n c\u1ea5m v\u00e0 kh\u00f4ng ch\u1ecbu b\u1ea5t c\u1ee9 tr\u00e1ch nhi\u1ec7m n\u00e0o v\u1ec1 b\u1ea3n quy\u1ec1n c\u1ee7a c\u00e1c n\u1ed9i dung chia s\u1ebb tr\u00ean to\u00e0n b\u1ed9 Di\u1ec5n \u0111\u00e0n.<\/li>\n<li><span class=\"xf-body-paragraph\">Dragon Ball Forum<\/span> kh\u00f4ng cho ph\u00e9p s\u1eed d\u1ee5ng th\u01b0\u01a1ng hi\u1ec7u &#8220;Dragonballwiki.net&#8221; trong b\u1ea5t c\u1ee9 tr\u01b0\u1eddng n\u00e0o khi ch\u01b0a \u0111\u01b0\u1ee3c BQT Tinh t\u1ebf cho ph\u00e9p.<\/li>\n<\/ul>\n<h2 id=\"menuid1\" class=\"TinhteMods_HeadingTag TinhteMods_HeadingTagH2\"><b>N\u1ed8I QUY<\/b><\/h2>\n<p><span class=\"xf-body-paragraph\"><br \/>\n<b>&#8211; T\u1ea5t c\u1ea3 c\u00e1c n\u1ed9i dung, h\u00ecnh \u1ea3nh v\u00e0 t\u00e0i li\u1ec7u \u1edf Di\u1ec5n \u0111\u00e0n Dragon Ball Forum y\u00eau c\u1ea7u:<\/b><br \/>\n<\/span><\/p>\n<ul>\n<li>KH\u00d4NG vi ph\u1ea1m lu\u1eadt ph\u00e1p n\u01b0\u1edbc CHXHCN Vi\u1ec7t Nam<\/li>\n<li>KH\u00d4NG vi ph\u1ea1m thu\u1ea7n phong m\u1ef9 t\u1ee5c Vi\u1ec7t Nam<\/li>\n<li>KH\u00d4NG li\u00ean quan \u0111\u1ebfn ch\u00ednh tr\u1ecb, t\u00f4n gi\u00e1o.<\/li>\n<li>KH\u00d4NG li\u00ean quan \u0111\u1ebfn H A C K, C R A CK, b\u1ebb kh\u00f3a, n\u1ed9i dung vi ph\u1ea1m b\u1ea3n quy\u1ec1n, ph\u1ea7n m\u1ec1m hay b\u00e0i vi\u1ebft ki\u1ebfm ti\u1ec1n, ki\u1ebfm gift card tr\u00ean m\u1ea1ng.<\/li>\n<li>KH\u00d4NG g\u1eedi c\u00e1c n\u1ed9i dung (b\u00e0i vi\u1ebft, h\u00ecnh \u1ea3nh, \u00e2m thanh, video,&#8230;) li\u00ean quan \u0111\u1ebfn \u0111\u1ed3i tru\u1ef5, kho\u1ea3 th\u00e2n, 18+. Tr\u01b0\u1eddng h\u1ee3p \u1ea3nh Nude art do t\u00e1c gi\u1ea3 t\u1ef1 ch\u1ee5p ho\u1eb7c ho\u1eb7c c\u00e1c t\u01b0 li\u1ec7u khoa h\u1ecdc, gi\u00e1o d\u1ee5c \u0111\u1eb7c bi\u1ec7t c\u1ea7n ph\u1ea3i \u0111\u01b0\u1ee3c BQT duy\u1ec7t tr\u01b0\u1edbc khi \u0111\u0103ng.<\/li>\n<li>KH\u00d4NG \u0111\u01b0\u1ee3c share c\u00e1c t\u00e0i kho\u1ea3n Google, Microsoft, fshare, megashare, tenlua, itunes, mediafire&#8230; c\u00f4ng khai ho\u1eb7c ch\u01b0a \u0111\u01b0\u1ee3c BQT cho ph\u00e9p.<\/li>\n<li>KH\u00d4NG \u0111\u1ea3 k\u00edch l\u1eabn nhau.<\/li>\n<li>Th\u00e0nh vi\u00ean KH\u00d4NG t\u1ed5 ch\u1ee9c game t\u1eb7ng qu\u00e0.<\/li>\n<li>KH\u00d4NG \u0111\u01b0\u1ee3c \u0111\u0103ng k\u00fd \u0111\u1ecbnh danh (nick, username) tr\u00f9ng ho\u1eb7c d\u1ec5 g\u00e2y nh\u1ea7m l\u1eabn v\u1edbi c\u00e1c \u0110i\u1ec1u h\u00e0nh vi\u00ean, Qu\u1ea3n tr\u1ecb vi\u00ean hay c\u1ed1 t\u00ecnh \u0111\u0103ng k\u00fd nick tr\u00f9ng v\u1edbi th\u00e0nh vi\u00ean kh\u00e1c d\u01b0\u1edbi m\u1ecdi h\u00ecnh th\u1ee9c, k\u1ef9 thu\u1eadt.<\/li>\n<li>Th\u00e0nh vi\u00ean KH\u00d4NG \u0111\u01b0\u1ee3c \u0111\u0103ng k\u00fd h\u01a1n 01 \u0111\u1ecbnh danh (nick, username) tr\u00ean Di\u1ec5n \u0111\u00e0n, kh\u00f4ng t\u1ea1o nick ki\u1ec3u abc1,abc2,abc3. \u0110\u1ecbnh danh kh\u00f4ng \u0111\u01b0\u1ee3c ph\u00e9p bao g\u1ed3m c\u00e1c k\u00fd t\u1ef1 kh\u00f4ng th\u1ea5y hay \u1ea9n \u0111i.<\/li>\n<li>Trong h\u1ea7u h\u1ebft c\u00e1c tr\u01b0\u1eddng h\u1ee3p BQT s\u1ebd kh\u00f4ng h\u1ed7 tr\u1ee3 \u0111\u1ed5i t\u00ean t\u00e0i kho\u1ea3n \u0111\u1ec3 \u0111\u1ea3m b\u1ea3o t\u00ednh minh b\u1ea1ch c\u1ee7a c\u00e1c t\u00e0i kho\u1ea3n. N\u1ebfu c\u00f3 y\u00eau c\u1ea7u \u0111\u1ed5i t\u00ean vui l\u00f2ng email t\u1edbi <a href=\"mailto:dragonballforum.wiki@gmaiil.com\">dragonballforum.wiki@gmail.com<\/a>\u00a0v\u00e0 n\u00f3i r\u00f5 l\u00fd do c\u1ea7n \u0111\u1ed5i, BQT s\u1ebd c\u00e2n nh\u1eafc theo t\u1eebng tr\u01b0\u1eddng h\u1ee3p. Quy\u1ebft \u0111\u1ecbnh c\u1ee7a BQT l\u00e0 quy\u1ebft \u0111\u1ecbnh cu\u1ed1i c\u00f9ng.<\/li>\n<li>Th\u00e0nh vi\u00ean KH\u00d4NG \u0111\u01b0\u1ee3c copy\/g\u1eedi b\u00e0i h\u00e0ng lo\u1ea1t t\u1eeb c\u00e1c website, di\u1ec5n \u0111\u00e0n kh\u00e1c v\u1ec1 g\u1eedi trong Di\u1ec5n \u0111\u00e0n.<\/li>\n<li>PH\u1ea2I gi\u1eef g\u00ecn s\u1ef1 trong s\u00e1ng c\u1ee7a ti\u1ebfng Vi\u1ec7t, g\u00f5 ti\u1ebfng Vi\u1ec7t c\u00f3 d\u1ea5u, kh\u00f4ng vi\u1ebft nh\u1ecbu ti\u1ebfng Vi\u1ec7t, h\u1ea1n ch\u1ebf t\u1ed1i \u0111a s\u1eed d\u1ee5ng ti\u1ebfng n\u01b0\u1edbc ngo\u00e0i. Kh\u00f4ng \u0111\u01b0\u1ee3c s\u1eed d\u1ee5ng to\u00e0n ch\u1eef vi\u1ebft HOA trong ti\u00eau \u0111\u1ec1 v\u00e0 n\u1ed9i dung b\u00e0i vi\u1ebft.<\/li>\n<\/ul>\n<p>&nbsp;<\/p>\n<h2 id=\"menuid2\" class=\"TinhteMods_HeadingTag TinhteMods_HeadingTagH2\"><b>Quy \u0111\u1ecbnh v\u1ec1 b\u00e0i vi\u1ebft:<\/b><\/h2>\n<ul>\n<li>Kh\u00f4ng spam b\u00e0i, up b\u00e0i.<\/li>\n<li>Kh\u00f4ng g\u1eedi b\u00e0i v\u1edbi n\u1ed9i dung b\u00f3c tem, x\u00e9 tem, tem,&#8230;<\/li>\n<li>Kh\u00f4ng g\u1eedi m\u1ed9t n\u1ed9i dung \u1edf nhi\u1ec1u n\u01a1i.<\/li>\n<li>Kh\u00f4ng ch\u1eedi nhau, x\u00fac ph\u1ea1m nhau (s\u1ebd b\u1ecb x\u1eed l\u00fd n\u1eb7ng).<\/li>\n<li>Tr\u01b0\u1edbc khi vi\u1ebft b\u00e0i vui l\u00f2ng xem qua di\u1ec5n \u0111\u00e0n xem \u0111\u00e3 \u0111\u1ec1 c\u1eadp ch\u01b0a.<\/li>\n<li>Kh\u00f4ng \u0111\u01b0\u1ee3c chia s\u1ebb, ph\u1ed5 bi\u1ebfn n\u1ed9i dung vi ph\u1ea1m b\u1ea3n quy\u1ec1n, c\u00e1c ph\u1ea7n m\u1ec1m\u00a0cr@ck,\u00a0ha@ck, key ph\u1ea7n m\u1ec1m, v\u00e0 c\u0169ng kh\u00f4ng \u0111\u01b0\u1ee3c \u0111\u0103ng b\u00e0i xin c\u00e1c n\u1ed9i dung n\u00e0y.<\/li>\n<li>\u0110\u1ed1i v\u1edbi c\u00e1c chuy\u00ean m\u1ee5c c\u00f3 s\u1eb5n m\u1eabu, th\u00e0nh vi\u00ean ph\u1ea3i g\u1edfi b\u00e0i theo m\u1eabu qui \u0111\u1ecbnh.<\/li>\n<li>Khi mu\u1ed1n c\u00e1m \u01a1n ng\u01b0\u1eddi g\u1edfi b\u00e0i, ch\u1ec9 c\u1ea7n nh\u1ea5n m\u0169i t\u00ean l\u00ean \u0111\u1ec3 push ch\u1ee7 \u0111\u1ec3 l\u00ean tr\u00ean.<\/li>\n<li>B\u00e0i tr\u1ea3 l\u1eddi kh\u00f4ng l\u1ea1c \u0111\u1ec1, ph\u1ea3i c\u00f3 t\u00ednh x\u00e2y d\u1ef1ng, n\u1ed9i dung r\u00f5 r\u00e0ng.<\/li>\n<li>Th\u00e0nh vi\u00ean Kh\u00f4ng \u0111\u01b0\u1ee3c t\u1ef1 \u00fd g\u1eedi b\u00e0i vi\u1ebft c\u00f3 n\u1ed9i dung Khuy\u1ebfn m\u00e3i, Khuy\u1ebfn m\u1ea1i, h\u1ed7 tr\u1ee3 kh\u00e1ch h\u00e0ng t\u1ea1i t\u1ea5t c\u1ea3 c\u00e1c khu v\u1ef1c tr\u00ean Di\u1ec5n \u0111\u00e0n m\u00e0 ch\u01b0a \u0111\u01b0\u1ee3c ph\u00e9p c\u1ee7a Ban Qu\u1ea3n Tr\u1ecb. T\u1ea5t c\u1ea3 c\u00e1c b\u00e0i thu\u1ed9c lo\u1ea1i n\u00e0y mu\u1ed1n \u0111\u01b0a l\u00ean Di\u1ec5n \u0111\u00e0n hay trang tin th\u00e0nh vi\u00ean ph\u1ea3i li\u00ean h\u1ec7 v\u1edbi Ban Qu\u1ea3n Tr\u1ecb \u0111\u1ec3 \u0111\u01b0\u1ee3c h\u1ed7 tr\u1ee3, x\u1eed l\u00fd.<\/li>\n<\/ul>\n<h2 class=\"ml__40\"><b>Quy \u0111\u1ecbnh v\u1ec1 s\u1edf h\u1eefu tr\u00ed tu\u1ec7<\/b><\/h2>\n<div class=\"ml__40\"><b>a.<\/b> <span class=\"xf-body-paragraph\">Dragon Ball Forum<\/span> c\u00f3 to\u00e0n quy\u1ec1n s\u1eed d\u1ee5ng t\u1ea5t c\u1ea3 nh\u1eefng th\u00f4ng tin c\u00f3 tr\u00ean di\u1ec5n \u0111\u00e0n.<br \/>\n<b>b.<\/b> Khi \u0111\u01b0a th\u00f4ng tin, b\u00e0i vi\u1ebft t\u1eeb s\u00e1ch, b\u00e1o, website, di\u1ec5n \u0111\u00e0n kh\u00e1c, th\u00e0nh vi\u00ean c\u1ea7n ph\u1ea3i n\u00eau r\u00f5 ngu\u1ed3n g\u1ed1c c\u1ee7a n\u1ed9i dung b\u00e0i vi\u1ebft \u0111\u00f3. \u0110\u1ed1i v\u1edbi c\u00e1c ngu\u1ed3n tr\u00edch d\u1eabn kh\u00f4ng ch\u00ednh th\u1ed1ng, h\u1ee3p ph\u00e1p, v\u00ed d\u1ee5 blog, website c\u00f3 n\u1ed9i dung kh\u00f4ng ph\u00f9 h\u1ee3p v\u1edbi ti\u00eau ch\u00ed c\u1ee7a <span class=\"xf-body-paragraph\">Dragon Ball Forum<\/span>, BQT c\u00f3 quy\u1ec1n x\u1eed l\u00fd kh\u00f4ng c\u1ea7n th\u00f4ng b\u00e1o.<br \/>\n<b>c.<\/b> C\u00e1c \u0111\u01a1n v\u1ecb c\u00f3 nhu c\u1ea7u tr\u00edch d\u1eabn b\u00e0i vi\u1ebft, h\u00ecnh \u1ea3nh tr\u00ean di\u1ec5n \u0111\u00e0n c\u1ee7a <span class=\"xf-body-paragraph\">Dragon Ball Forum<\/span> c\u1ea7n ph\u1ea3i ghi r\u00f5 \u201cTh\u00f4ng tin n\u00e0y \u0111\u01b0\u1ee3c tr\u00edch d\u1eabn t\u1eeb <span class=\"xf-body-paragraph\">Dragon Ball Forum<\/span>\u201d. \u0110\u1ed1i v\u1edbi nh\u1eefng th\u00f4ng tin, \u0111\u1eddi s\u1ed1ng c\u00e1 nh\u00e2n th\u00ec ph\u1ea3i li\u00ean h\u1ec7 tr\u1ef1c ti\u1ebfp v\u00e0 \u0111\u01b0\u1ee3c s\u1ef1 \u0111\u1ed3ng \u00fd c\u1ee7a th\u00e0nh vi\u00ean \u0111\u00f3 tr\u01b0\u1edbc khi l\u1ea5y th\u00f4ng tin.<br \/>\n<b>d.\u00a0<\/b>Khi th\u00e0nh vi\u00ean c\u00f3 y\u00eau c\u1ea7u ch\u1ec9nh s\u1eeda hay xo\u00e1 b\u00e0i vi\u1ebft c\u1ee7a ch\u00ednh m\u00ecnh, ban qu\u1ea3n tr\u1ecb s\u1ebd ki\u1ec3m tra v\u00e0 h\u1ed7 tr\u1ee3 xo\u00e1 c\u00e1c th\u00f4ng tin ri\u00eang t\u01b0 c\u00e1 nh\u00e2n, m\u1ed9t ph\u1ea7n hay to\u00e0n b\u00e0i, c\u1ee7a th\u00e0nh vi\u00ean y\u00eau c\u1ea7u. Trong c\u00e1c tr\u01b0\u1eddng h\u1ee3p c\u00f2n l\u1ea1i, ban qu\u1ea3n tr\u1ecb c\u00f3 quy\u1ec1n kh\u00f4ng xo\u00e1 c\u00e1c b\u00e0i vi\u1ebft \u0111\u1ec3 \u0111\u1ea3m b\u1ea3o t\u00ednh m\u1ea1ch l\u1ea1c xuy\u00ean su\u1ed1t c\u1ee7a ch\u1ee7 \u0111\u1ec1.<br \/>\n<b>e.<\/b> Khi kh\u00f4ng c\u00f2n mu\u1ed1n ti\u1ebfp t\u1ee5c tham gia di\u1ec5n \u0111\u00e0n, n\u1ebfu c\u00f3 nhu c\u1ea7u, c\u00e1c th\u00e0nh vi\u00ean c\u00f3 th\u1ec3 g\u1eedi email y\u00eau c\u1ea7u ban qu\u1ea3n tr\u1ecb kho\u00e1 t\u00e0i kho\u1ea3n. Tuy nhi\u00ean ban qu\u1ea3n tr\u1ecb c\u00f3 quy\u1ec1n kh\u00f4ng xo\u00e1 t\u00e0i kho\u1ea3n v\u00e0 to\u00e0n b\u1ed9 b\u00e0i vi\u1ebft c\u1ee7a t\u00e0i kho\u1ea3n n\u00e0y. \u0110i\u1ec1u n\u00e0y nh\u1eb1m \u0111\u1ea3m b\u1ea3o t\u00ednh xuy\u00ean su\u1ed1t c\u1ee7a c\u00e1c ch\u1ee7 \u0111\u1ec1 tr\u00ean di\u1ec5n \u0111\u00e0n v\u00e0 c\u0169ng l\u00e0 th\u00f4ng l\u1ec7 m\u00e0 h\u1ea7u nh\u01b0 c\u00e1c di\u1ec5n \u0111\u00e0n tr\u00ean th\u1ebf gi\u1edbi \u0111\u1ec1u \u00e1p d\u1ee5ng.<\/div>\n<h2 class=\"ml__40\">\n<b>Tr\u00e1ch nhi\u1ec7m v\u00e0 quy\u1ec1n h\u1ea1n c\u1ee7a <span class=\"xf-body-paragraph\">Dragon Ball Forum<\/span><\/b><\/h2>\n<div><\/div>\n<div class=\"ml__40\"><b>a.\u00a0<\/b>T\u1ea5t c\u1ea3 c\u00e1c th\u00f4ng tin trong b\u00e0i vi\u1ebft c\u1ee7a th\u00e0nh vi\u00ean mang t\u00ednh ch\u1ee7 quan c\u00e1 nh\u00e2n ch\u01b0a x\u00e1c th\u1ef1c n\u00ean \u0111\u1ecdc gi\u1ea3 c\u1ea7n l\u01b0u \u00fd kh\u00f4ng n\u00ean s\u1eed d\u1ee5ng nh\u1eefng th\u00f4ng tin n\u00e0y trong c\u00e1c quy\u1ebft \u0111\u1ecbnh c\u1ee7a cu\u1ed9c s\u1ed1ng h\u00e0ng ng\u00e0y. <span class=\"xf-body-paragraph\">Dragon Ball Forum<\/span> kh\u00f4ng ch\u1ecbu tr\u00e1ch nhi\u1ec7m v\u1ec1 thi\u1ec7t h\u1ea1i c\u1ee7a th\u00e0nh vi\u00ean do vi\u1ec7c s\u1eed d\u1ee5ng th\u00f4ng tin ch\u01b0a x\u00e1c th\u1ef1c.<br \/>\n<b>b.<\/b> <span class=\"xf-body-paragraph\">Dragon Ball Forum<\/span> c\u00f3 quy\u1ec1n can thi\u1ec7p b\u00e0i vi\u1ebft \/ ch\u1ee7 \u0111\u1ec1 (s\u1eeda, d\u00e1n ch\u00fa \u00fd, kh\u00f3a, x\u00f3a b\u00e0i&#8230;), cung c\u1ea5p th\u00f4ng tin v\u1ec1 b\u00e0i vi\u1ebft, c\u00e1 nh\u00e2n c\u1ee7a th\u00e0nh vi\u00ean khi c\u00f3 y\u00eau c\u1ea7u t\u1eeb c\u01a1 quan ch\u1ee9c n\u0103ng.<br \/>\n<b>c.<\/b> <span class=\"xf-body-paragraph\">Dragon Ball Forum<\/span> kh\u00f4ng ch\u1ecbu tr\u00e1ch nhi\u1ec7m v\u1ec1 b\u1ea5t c\u1ee9 t\u1ed5n h\u1ea1i n\u00e0o (m\u1ea5t d\u1eef li\u1ec7u, nhi\u1ec5m virus..) m\u00e0 b\u1ea1n g\u1eb7p ph\u1ea3i khi truy c\u1eadp v\u00e0o trang web.<br \/>\n<b>d.\u00a0<\/b>Th\u00f4ng tin li\u00ean h\u1ec7 c\u1ee7a th\u00e0nh vi\u00ean khi \u0111\u0103ng k\u00fd \u0111\u01b0\u1ee3c <span class=\"xf-body-paragraph\">Dragon Ball Forum<\/span> b\u1ea3o m\u1eadt.<\/div>\n<h2 class=\"ml__40\">\n<b>\u00a0M\u1ed9t s\u1ed1 l\u01b0u \u00fd khi tham gia di\u1ec5n \u0111\u00e0n<\/b><\/h2>\n<div><\/div>\n<div class=\"ml__40\"><b>a.<\/b> \u0110\u1ec3 gi\u1eef s\u1ef1 ri\u00eang t\u01b0 v\u00e0 an to\u00e0n cho m\u00ecnh, c\u00e1c th\u00e0nh vi\u00ean kh\u00f4ng n\u00ean cung c\u1ea5p c\u00e1c th\u00f4ng tin c\u00e1 nh\u00e2n nh\u01b0 email, s\u1ed1 \u0111i\u1ec7n tho\u1ea1i, \u0111\u1ecba ch\u1ec9 nh\u00e0 ri\u00eang tr\u00ean di\u1ec5n \u0111\u00e0n. C\u00e1c th\u00e0nh vi\u00ean c\u0169ng kh\u00f4ng \u0111\u01b0\u1ee3c \u0111\u01b0a th\u00f4ng tin c\u00e1 nh\u00e2n c\u1ee7a th\u00e0nh vi\u00ean kh\u00e1c trong c\u00e1c b\u00e0i vi\u1ebft c\u1ee7a m\u00ecnh. BQT kh\u00f4ng ch\u1ecbu tr\u00e1ch nhi\u1ec7m v\u1ec1 c\u00e1c vi\u1ec7c li\u00ean quan n\u1ebfu th\u00e0nh vi\u00ean t\u1ef1 \u0111\u01b0a th\u00f4ng tin c\u00e1 nh\u00e2n l\u00ean di\u1ec5n \u0111\u00e0n.<br \/>\n<b>b.<\/b> Di\u1ec5n \u0111\u00e0n c\u00f3 s\u1eed d\u1ee5ng ch\u1ee9c n\u0103ng cookies \u0111\u1ec3 l\u01b0u tr\u1eef c\u00e1c th\u00f4ng tin nh\u01b0: l\u1ea7n cu\u1ed1i c\u00f9ng b\u1ea1n truy c\u1eadp di\u1ec5n \u0111\u00e0n, t\u00ean \u0111\u0103ng nh\u1eadp, password khi \u0111\u0103ng nh\u1eadp, nh\u1eefng vi\u1ec7c b\u1ea1n \u0111\u00e3 l\u00e0m trong phi\u00ean truy c\u1eadp&#8230; \u0111\u1ec3 gi\u00fap th\u00e0nh vi\u00ean tham gia di\u1ec5n \u0111\u00e0n thu\u1eadn ti\u1ec7n. Cookies n\u00e0y \u0111\u01b0\u1ee3c l\u01b0u tr\u1eef trong tr\u00ecnh duy\u1ec7t web c\u1ee7a b\u1ea1n do \u0111\u00f3 b\u1ea1n c\u1ea7n cho hi\u1ec7u l\u1ef1c cookies \u0111\u1ec3 c\u00e1c th\u00f4ng tin tr\u00ean kh\u00f4ng b\u1ecb sai l\u1ea1c, gi\u00fap b\u1ea1n l\u00e0m vi\u1ec7c thu\u1eadn l\u1ee3i v\u00e0 nhanh ch\u00f3ng h\u01a1n trong di\u1ec5n \u0111\u00e0n.<br \/>\n<b>c.<\/b>\u00a0 Th\u00e0nh vi\u00ean c\u00f3 th\u1ec3 t\u1ea3i Unikey \u0111\u1ec3 s\u1eed d\u1ee5ng ti\u1ebfng Vi\u1ec7t c\u00f3 d\u1ea5u: <a href=\"https:\/\/www.unikey.org\/\">Unikey<\/a><\/div>\n<div><\/div>\n<div><\/div>\n","protected":false},"excerpt":{"rendered":"<p>N\u1ed9i Quy\u00a0Di\u1ec5n \u0110\u00e0n\u00a0(\u0110i\u1ec1u Kho\u1ea3n S\u1eed D\u1ee5ng) B\u1ea1n ph\u1ea3i \u0111\u1ed3ng \u00fd to\u00e0n b\u1ed9\u00a0n\u1ed9i qui\u00a0(c\u00e1c \u0111i\u1ec1u kho\u1ea3n) n\u00e0y tr\u01b0\u1edbc khi \u0111\u0103ng k\u00fd tr\u1edf th\u00e0nh Th\u00e0nh vi\u00ean c\u1ee7a\u00a0Di\u1ec5n&#8230;<\/p>\n","protected":false},"author":1,"featured_media":0,"parent":0,"menu_order":0,"comment_status":"closed","ping_status":"closed","template":"","meta":{"footnotes":""},"class_list":["post-246","page","type-page","status-publish","hentry"],"_links":{"self":[{"href":"https:\/\/dragonballwiki.net\/forum\/wp-json\/wp\/v2\/pages\/246","targetHints":{"allow":["GET"]}}],"collection":[{"href":"https:\/\/dragonballwiki.net\/forum\/wp-json\/wp\/v2\/pages"}],"about":[{"href":"https:\/\/dragonballwiki.net\/forum\/wp-json\/wp\/v2\/types\/page"}],"author":[{"embeddable":true,"href":"https:\/\/dragonballwiki.net\/forum\/wp-json\/wp\/v2\/users\/1"}],"replies":[{"embeddable":true,"href":"https:\/\/dragonballwiki.net\/forum\/wp-json\/wp\/v2\/comments?post=246"}],"version-history":[{"count":4,"href":"https:\/\/dragonballwiki.net\/forum\/wp-json\/wp\/v2\/pages\/246\/revisions"}],"predecessor-version":[{"id":283,"href":"https:\/\/dragonballwiki.net\/forum\/wp-json\/wp\/v2\/pages\/246\/revisions\/283"}],"wp:attachment":[{"href":"https:\/\/dragonballwiki.net\/forum\/wp-json\/wp\/v2\/media?parent=246"}],"curies":[{"name":"wp","href":"https:\/\/api.w.org\/{rel}","templated":true}]}}